 c**2 + 489*c - 145034. Determine t(-697).
-58
Let u(g) = -g**3 + 58*g**2 - 1601*g + 35238. What is u(40)?
-2
Let r(t) = -208*t + 37156. Give r(182).
-700
Let b(l) = -22*l**2 + 245*l + 2238. Give b(-6).
-24
Let k(j) = -j**3 + 11*j**2 + 2634*j - 28967. What is k(11)?
7
Let d(c) = 10*c**2 - 1215*c + 13622. Calculate d(109).
-3
Let u(i) = 768*i + 16901. What is u(-22)?
5
Let o(m) = -2*m**2 + 69510*m + 13138571. Calculate o(-188).
3
Let v(q) = 5*q**2 + 2059*q + 69028. What is v(-375)?
28
Let l(n) = 16*n**3 - 10*n**2 - 36*n + 105. Give l(3).
339
Let n(o) = -11908*o - 1119348. Calculate n(-94).
4
Let h(u) = -266991*u + 3470886. Determine h(13).
3
Let p(l) = l**3 + 47*l**2 + 165*l - 13. Give p(-45).
-3388
Let x(d) = d**3 - 294*d**2 - 446*d - 43211. What is x(296)?
5
Let p(x) = 97*x**2 + 1086*x + 1085. Determine p(-1).
96
Let v(d) = d**3 - 27*d**2 + 17*d + 211. Determine v(26).
-23
Let l(h) = -514*h**2 - 7645*h + 976. Calculate l(-15).
1
Let r(o) = -11*o**3 - 41*o**2 - 18*o - 12. What is r(-6)?
996
Let t(v) = -627*v**3 - 12*v - 12. What is t(-1)?
627
Let s(t) = t**3 + 36*t**2 - 115*t - 29. Calculate s(5).
421
Let b(a) = -237*a - 54539. Calculate b(-234).
919
Let y(o) = 38*o**2 - 662*o - 4901. What is y(23)?
-25
Let p(o) = 2478*o + 421151. Give p(-170).
-109
Let y(m) = 7248*m + 50872. What is y(-7)?
136
Let o(u) = -3368*u - 181875. Give o(-54).
-3
Let a(s) = s**3 - 376*s**2 + 1453*s + 13918. Calculate a(372).
898
Let f(a) = -42*a**2 - 94*a + 337. Calculate f(-4).
41
Let w(y) = y**3 + 29*y**2 + 122*y + 1338. Calculate w(-26).
194
Let j(t) = 1333*t + 1322. Determine j(-1).
-11
Let j(b) = b**2 - 1830*b + 36202. Give j(20).
2
Let w(r) = r**2 + 103*r - 47286. Give w(172).
14
Let j(z) = -41*z**2 - 309*z - 1939. What is j(-7)?
-1785
Let f(z) = -113073*z - 904455. Give f(-8).
129
Let t(l) = 14033*l + 308723. What is t(-22)?
-3
Let j(c) = -2*c**3 - 59*c**2 + 46*c + 294. Calculate j(-30).
-186
Let s(z) = 4*z**2 - 5341*z - 16050. Give s(-3).
9
Let d(u) = -85*u**2 + 15218*u - 369. Calculate d(179).
168
Let t(o) = o**2 + 30*o + 307. What is t(-33)?
406
Let x(t) = 3*t**2 + 30*t - 1461. Determine x(18).
51
Let o(m) = -3*m**2 + 14150*m + 141804. Calculate o(-10).
4
Let s(z) = -3*z**2 - 578*z - 15299. Determine s(-161).
-4
Let b(z) = z**3 - 37*z**2 - 129*z + 1815. Determine b(39).
-174
Let w(d) = -d**3 + 7*d**2 + 77*d + 130. Determine w(-5).
45
Let z(w) = -w**2 + 139*w - 1876. Calculate z(13).
-238
Let b(a) = a**2 + 136*a + 3152. Give b(-21).
737
Let d(j) = -38*j**2 - 1775*j - 20005. Give d(-19).
2
Let q(a) = a**3 + 25*a**2 - 2034*a + 53. What is q(34)?
-899
Let w(b) = -38371*b + 7021907. What is w(183)?
14
Let h(i) = 2*i**3 + 52*i**2 - 3*i - 2441. Give h(0).
-2441
Let g(d) = 2*d**2 + 459*d - 79064. Calculate g(115).
171
Let y(t) = -12*t**3 + 3888*t**2 + 3891*t + 4. Give y(-1).
13
Let m(b) = 15*b**2 + 11930*b - 35780. Determine m(3).
145
Let c(z) = 22653*z**2 + 498364*z - 39. What is c(-22)?
5
Let u(p) = 2*p**2 + 311*p - 9658. Calculate u(30).
1472
Let a(s) = s**3 - 29*s**2 + 211*s + 35. Give a(9).
314
Let h(m) = 47598*m - 47579. Calculate h(1).
19
Let k(n) = 37*n**2 - 1331*n - 13. What is k(36)?
23
Let f(p) = -2*p**2 + 2147*p + 197087. Determine f(-85).
142
Let k(z) = -6945*z**2 + 1486217*z + 2784. What is k(214)?
2
Let d(h) = h**2 + 838*h - 99053. Give d(105).
-38
Let n(j) = j**3 + 42*j**2 + 356*j - 1076. Determine n(-28).
-68
Let p(b) = -b**2 + 5451*b - 2599360. Calculate p(528).
-16
Let g(j) = 50*j**3 - 252*j**2 + 10*j - 12. Give g(5).
-12
Let g(k) = -754*k + 13585. Give g(18).
13
Let m(g) = -64773*g + 10363654. Give m(160).
-26
Let m(q) = 2*q**2 - 6411*q - 6411. Determine m(-1).
2
Let m(q) = 55402*q - 1052513. What is m(19)?
125
Let k(i) = -202*i**2 + 153923*i + 700. What is k(762)?
-62
Let b(s) = 89069*s - 623508. Determine b(7).
-25
Let x(w) = -966*w + 117704. Determine x(122).
-148
Let v(u) = -u**3 + 18*u**2 + 99*u - 255. Give v(-7).
277
Let d(v) = -11*v**3 + 63*v**2 + 22*v - 75. What is d(6)?
-51
Let j(b) = 2*b**2 - 569*b - 91916. What is j(-115)?
-31
Let k(a) = 4*a**3 - 480*a**2 + 5*a - 482. Calculate k(120).
118
Let o(u) = -u**3 - 33*u**2 - 54*u - 1768. What is o(-33)?
14
Let o(a) = 171*a - 1458. Determine o(8).
-90
Let n(m) = -1245*m**2 - 49798*m + 2. Calculate n(-40).
-78
Let l(q) = -19*q**2 - 42749*q + 128419. What is l(3)?
1
Let j(x) = -3*x**2 + 7661*x + 84665. Calculate j(-11).
31
Let i(d) = 174*d - 3317. What is i(18)?
-185
Let h(a) = -2*a**3 + 24*a**2 + 77*a + 50. Give h(-2).
8
Let p(q) = 35715*q + 500034. What is p(-14)?
24
Let a(u) = 467*u + 73578. Give a(-156).
726
Let g(i) = 113*i**2 - 110*i + 109. What is g(1)?
112
Let u(h) = -4*h**3 - h**2 + 193*h + 80. Determine u(9).
-1180
Let r(k) = 3550514*k + 17752568. Determine r(-5).
-2
Let h(z) = -2*z**3 - 279*z**2 + 418*z + 483. Calculate h(-141).
1188
Let q(k) = -k**3 + 307*k**2 + 3507*k + 108. Determine q(-11).
9
Let l(f) = 118*f**2 - 2706*f + 33. What is l(22)?
-2387
Let j(g) = 9*g**3 - 2303*g**2 - 257*g + 246. What is j(256)?
-10
Let v(r) = -1536*r - 18579. Calculate v(-12).
-147
Let k(z) = 60294*z - 1326468. Give k(22).
0
Let m(x) = -18232*x**2 - 109400*x - 44. Determine m(-6).
4
Let g(c) = 383*c**2 + 134*c + 163. Determine g(-2).
1427
Let c(z) = -z**3 + 23*z**2 - 16*z + 800. Give c(24).
-160
Let c(a) = 3*a**3 - 36*a**2 - 5059*a + 55910. Give c(11).
-102
Let m(w) = 4684*w - 31522. What is m(7)?
1266
Let h(i) = -i**2 - 1695*i - 592624. What is h(-493)?
-38
Let v(b) = 17*b**2 + 227*b - 376. Determine v(-13).
-454
Let p(r) = -28*r**2 + 12100*r - 1693. Calculate p(432).
35
Let z(n) = 11*n**3 - 28*n**2 - 21*n + 30. Give z(-2).
-128
Let k(q) = -540*q + 25345. Give k(47).
-35
Let y(s) = -8*s**2 + 1446*s + 10878. Give y(188).
-26
Let u(f) = 19*f**2 + 3998*f - 24635. Determine u(6).
37
Let a(w) = -556*w**3 - 3343*w**2 - 13*w + 140. Give a(-6).
-34
Let l(i) = -12*i**3 - 585*i**2 + 79*i + 23. Determine l(-49).
3355
Let w(h) = -92473*h + 277426. Determine w(3).
7
Let v(z) = -190135*z + 43. Calculate v(0).
43
Let u(n) = 3*n**3 - 350*n**2 - 140*n - 1294. What is u(117)?
-3985
Let p(w) = -w**3 + 43*w**2 + 571*w + 1378. Calculate p(-10).
968
Let y(k) = -k**3 - 36*k**2 + 314*k + 795. Determine y(9).
-24
Let h(t) = t**3 + 188*t**2 + 8087*t + 5977. Calculate h(-65).
-3
Let t(j) = 4*j**2 - 391*j + 5243. What is t(82)?
77
Let p(v) = -8*v**3 - 345*v**2 - 295*v + 3514. What is p(-42)?
28
Let o(c) = -3474*c - 253630. Calculate o(-73).
-28
Let a(r) = -56*r**2 + 413*r - 1201. Calculate a(3).
-466
Let u(o) = 8*o**2 - 210*o + 1312. Determine u(6).
340
Let i(x) = -6165*x - 93043. Determine i(-15).
-568
Let g(w) = -23885*w - 71652. Give g(-3).
3
Let j(s) = 2*s**3 + 10*s**2 - 25*s - 68. Give j(-3).
43
Let k(g) = 4*g**2 - 162*g - 3311. Calculate k(55).
-121
Let g(j) = j**3 - 216*j**2 - 352*j - 18321. Calculate g(218).
-9
Let w(y) = 6*y**2 - 62*y + 196. Give w(11).
240
Let z(y) = -y**2 - 1255*y + 121006. Give z(90).
-44
Let u(l) = -103203*l - 23633484. What is u(-229)?
3
Let y(r) = -r**3 + 30*r**2 + 80*r + 1074. Calculate y(31).
2593
Let v(l) = -10*l**2 + 1161*l + 7180. Calculate v(-6).
-146
Let w(y) = y**2 - 57*y + 776. Give w(25).
-24
Let p(m) = 2532*m + 587173. Give p(-232).
-251
Let r(x) = x**2 - 198*x + 10226. Calculate r(66).
1514
Let j(l) = 54*l**3 - 1348*l**2 - 146*l + 2425. Determine j(25).
25
Let p(v) = -5*v**2 + 688*v - 11544. Determine p(19).
-277
Let w(j) = 11*j**3 + 322*j**2 + 384*j - 284. Calculate w(-28).
-60
Let c(j) = -415*j + 92136. Calculate c(222).
6
Let r(m) = 7*m**2 + 176*m - 3407. Calculate r(-38).
13
Let z(v) = -6*v**2 - 204*v - 1326. What is z(-10)?
114
Let g(b) = 243*b**3 + 28*b**2 + 1668*b - 1696. Calculate g(1).
243
Let h(o) = 9*o**3 - 176*o**2 + 903*o - 17. Give h(5).
1223
Let t(l) = 87*l + 2847. Determine t(-23).
846
Let c(v) = v**2 + 1271*v + 56353. What is c(-46)?
3
Let d(z) = 3*z**3 + 18*z**2 - 607*z + 2142. Give d(4).
194
Let k(q) = -3*q**2 + 11404*q + 1074560. Give k(-92).
0
Let g(d) = -16*d**2 - 653*d + 2383. What is g(4)?
-485
Let x(i) = -i**3 + 4*i**2 - 56*i + 2348. Determine x(13).
99
Let h(o) = 178*o**2 - 7660*o + 255. What is h(43)?
-3
Let f(n) = -n**3 + 24*n**2 + 50460*n - 1211025. Calculate f(24).
15
Let o(w) = -246*w + 2913. What is o(11)?
207
Let u(r) = -8*r**3 - 225*r**2 + 3011*r